{"id":12,"date":"2008-06-22T17:46:31","date_gmt":"2008-06-22T20:46:31","guid":{"rendered":"http:\/\/morassohermanos.com.ar\/?page_id=12"},"modified":"2008-07-31T19:12:54","modified_gmt":"2008-07-31T22:12:54","slug":"productos-2","status":"publish","type":"page","link":"https:\/\/morassohermanos.com.ar\/?page_id=12","title":{"rendered":"Productos"},"content":{"rendered":"<p>En las p\u00e1ginas de este directorio es posible consultar por las caracter\u00edsticas de cada uno de nuestros productos. Tambi\u00e9n est\u00e1n organizadas como fichas descargables en formato <strong>.pdf<\/strong>. Puede bajarlas a su m\u00e1quina clikeando la solapa superior: <strong>Fichas de productos<\/strong> y eligiendo entre los enlaces.<\/p>\n<p>Las fotos de los productos tambi\u00e9n puede encontrarlas, con sus referencias y nombres, en el canal de Im\u00e1genes Flickr.<\/p>\n<p>Si necesita m\u00e1s informaci\u00f3n, no deje de <a href=\"mailto:info@morassohermanos.com.ar?subject=Contacto desde la Web de Productos\">contactarnos<\/a>.<\/p>\n","protected":false},"excerpt":{"rendered":"<p>En las p\u00e1ginas de este directorio es posible consultar por las caracter\u00edsticas de cada uno de nuestros productos. Tambi\u00e9n est\u00e1n organizadas como fichas descargables en formato .pdf. Puede bajarlas a su m\u00e1quina clikeando la solapa superior: Fichas de productos y eligiendo entre los enlaces. Las fotos de los productos tambi\u00e9n puede encontrarlas, con sus referencias [&hellip;]<\/p>\n","protected":false},"author":1,"featured_media":0,"parent":0,"menu_order":0,"comment_status":"open","ping_status":"open","template":"","meta":{"_monsterinsights_skip_tracking":false,"_monsterinsights_sitenote_active":false,"_monsterinsights_sitenote_note":"","_monsterinsights_sitenote_category":0},"_links":{"self":[{"href":"https:\/\/morassohermanos.com.ar\/index.php?rest_route=\/wp\/v2\/pages\/12"}],"collection":[{"href":"https:\/\/morassohermanos.com.ar\/index.php?rest_route=\/wp\/v2\/pages"}],"about":[{"href":"https:\/\/morassohermanos.com.ar\/index.php?rest_route=\/wp\/v2\/types\/page"}],"author":[{"embeddable":true,"href":"https:\/\/morassohermanos.com.ar\/index.php?rest_route=\/wp\/v2\/users\/1"}],"replies":[{"embeddable":true,"href":"https:\/\/morassohermanos.com.ar\/index.php?rest_route=%2Fwp%2Fv2%2Fcomments&post=12"}],"version-history":[{"count":2,"href":"https:\/\/morassohermanos.com.ar\/index.php?rest_route=\/wp\/v2\/pages\/12\/revisions"}],"predecessor-version":[{"id":152,"href":"https:\/\/morassohermanos.com.ar\/index.php?rest_route=\/wp\/v2\/pages\/12\/revisions\/152"}],"wp:attachment":[{"href":"https:\/\/morassohermanos.com.ar\/index.php?rest_route=%2Fwp%2Fv2%2Fmedia&parent=12"}],"curies":[{"name":"wp","href":"https:\/\/api.w.org\/{rel}","templated":true}]}}