{"id":23,"date":"2008-06-23T15:26:28","date_gmt":"2008-06-23T18:26:28","guid":{"rendered":"http:\/\/morassohermanos.com.ar\/?page_id=23"},"modified":"2008-11-20T19:00:10","modified_gmt":"2008-11-20T22:00:10","slug":"maquinas-y-equipos","status":"publish","type":"page","link":"https:\/\/morassohermanos.com.ar\/?page_id=23","title":{"rendered":"M\u00e1quinas y Equipos"},"content":{"rendered":"<h3>Banco de pruebas<\/h3>\n<p style=\"text-align: left;\">Este banco fue construido para Transener S.A. e instalado en el Centro de Trabajos con Tensi\u00f3n (Rosario), a fin de desarrollar y ensayar diferentes tipos de herramientas y equipos para mantenimiento de l\u00edneas y estaciones con o sin tensi\u00f3n.<\/p>\n<p><a href=\"http:\/\/morassohermanos.com.ar\/wp-content\/uploads\/bancop2.jpg\"><img loading=\"lazy\" class=\"size-medium wp-image-296 aligncenter\" title=\"bancop2\" src=\"http:\/\/morassohermanos.com.ar\/wp-content\/uploads\/bancop2-300x225.jpg\" alt=\"\" width=\"300\" height=\"225\" srcset=\"https:\/\/morassohermanos.com.ar\/wp-content\/uploads\/bancop2-300x225.jpg 300w, https:\/\/morassohermanos.com.ar\/wp-content\/uploads\/bancop2.jpg 340w\" sizes=\"(max-width: 300px) 100vw, 300px\" \/><\/a><\/p>\n<p style=\"text-align: left;\"><a href=\"http:\/\/morassohermanos.com.ar\/wp-content\/uploads\/banco1.jpg\"><img loading=\"lazy\" class=\"aligncenter size-medium wp-image-297\" title=\"banco1\" src=\"http:\/\/morassohermanos.com.ar\/wp-content\/uploads\/banco1.jpg\" alt=\"\" width=\"265\" height=\"279\" \/><\/a><a href=\"http:\/\/morassohermanos.com.ar\/wp-content\/uploads\/bancopruebas3.jpg\"><img loading=\"lazy\" class=\"aligncenter size-medium wp-image-298\" title=\"bancopruebas3\" src=\"http:\/\/morassohermanos.com.ar\/wp-content\/uploads\/bancopruebas3.jpg\" alt=\"\" width=\"226\" height=\"170\" \/><\/a><\/p>\n<p style=\"text-align: left;\">Su dise\u00f1o permite el montaje de diferentes tipos de cadenas de aisladores y morseter\u00eda, tanto de suspensi\u00f3n como de retenci\u00f3n en escala 1:1, logrando simular las reales condiciones de carga mec\u00e1nica que suceden en las l\u00edneas.<\/p>\n<p style=\"text-align: left;\"><a href=\"http:\/\/morassohermanos.com.ar\/wp-content\/uploads\/banco4.jpg\"><img loading=\"lazy\" class=\"aligncenter size-medium wp-image-299\" title=\"banco4\" src=\"http:\/\/morassohermanos.com.ar\/wp-content\/uploads\/banco4.jpg\" alt=\"\" width=\"226\" height=\"170\" \/><\/a><\/p>\n","protected":false},"excerpt":{"rendered":"<p>Banco de pruebas Este banco fue construido para Transener S.A. e instalado en el Centro de Trabajos con Tensi\u00f3n (Rosario), a fin de desarrollar y ensayar diferentes tipos de herramientas y equipos para mantenimiento de l\u00edneas y estaciones con o sin tensi\u00f3n. Su dise\u00f1o permite el montaje de diferentes tipos de cadenas de aisladores y [&hellip;]<\/p>\n","protected":false},"author":1,"featured_media":0,"parent":12,"menu_order":0,"comment_status":"closed","ping_status":"open","template":"","meta":{"_monsterinsights_skip_tracking":false,"_monsterinsights_sitenote_active":false,"_monsterinsights_sitenote_note":"","_monsterinsights_sitenote_category":0},"_links":{"self":[{"href":"https:\/\/morassohermanos.com.ar\/index.php?rest_route=\/wp\/v2\/pages\/23"}],"collection":[{"href":"https:\/\/morassohermanos.com.ar\/index.php?rest_route=\/wp\/v2\/pages"}],"about":[{"href":"https:\/\/morassohermanos.com.ar\/index.php?rest_route=\/wp\/v2\/types\/page"}],"author":[{"embeddable":true,"href":"https:\/\/morassohermanos.com.ar\/index.php?rest_route=\/wp\/v2\/users\/1"}],"replies":[{"embeddable":true,"href":"https:\/\/morassohermanos.com.ar\/index.php?rest_route=%2Fwp%2Fv2%2Fcomments&post=23"}],"version-history":[{"count":2,"href":"https:\/\/morassohermanos.com.ar\/index.php?rest_route=\/wp\/v2\/pages\/23\/revisions"}],"predecessor-version":[{"id":295,"href":"https:\/\/morassohermanos.com.ar\/index.php?rest_route=\/wp\/v2\/pages\/23\/revisions\/295"}],"up":[{"embeddable":true,"href":"https:\/\/morassohermanos.com.ar\/index.php?rest_route=\/wp\/v2\/pages\/12"}],"wp:attachment":[{"href":"https:\/\/morassohermanos.com.ar\/index.php?rest_route=%2Fwp%2Fv2%2Fmedia&parent=23"}],"curies":[{"name":"wp","href":"https:\/\/api.w.org\/{rel}","templated":true}]}}